{"id":477,"date":"2023-07-13T16:05:51","date_gmt":"2023-07-13T14:05:51","guid":{"rendered":"https:\/\/www.gallen.at\/?page_id=477"},"modified":"2023-07-13T16:16:23","modified_gmt":"2023-07-13T14:16:23","slug":"ausstellung-im-cafe-kuckucksnest","status":"publish","type":"page","link":"https:\/\/www.gallen.at\/index.php\/ausstellung-im-cafe-kuckucksnest\/","title":{"rendered":"Ausstellung im Cafe Kuckucksnest"},"content":{"rendered":"\n<h1 class=\"wp-block-heading\">Ausstellung im Cafe Kuckucksnest<\/h1>\n\n\n\n<p class=\"has-large-font-size\">April &#8211; Mai 1981<\/p>\n\n\n\n<div class=\"wp-block-columns is-layout-flex wp-container-3 wp-block-columns-is-layout-flex\">\n<div class=\"wp-block-column is-layout-flow wp-block-column-is-layout-flow\">\n<h5 class=\"wp-block-heading\">Peter Gallen stellt aus<\/h5>\n\n\n\n<p>ST. P\u00d6LTEN &#8211; Im Monat April stellt im Cafe Kuckucksnest am M\u00fchlweg der St. P\u00f6ltner Peter Gallen seine Bilder aus.<\/p>\n\n\n\n<p>Peter Gallen wurde 1948 in Paris geboren, malt seit 1964 und ist hauptberuflich Lehrer f\u00fcr Politische Bildung und Betriebswirtschaftlichen Unterricht an der Berufsschule Lilienfeld. In der Ausstellung, die bis zum 3. Mai zu sehen ist, findet man vorwiegend \u00d6lbilder, aber auch Aquarelle, Pastelle und Gouachen zu den Themen Mensch und Landschaft.<\/p>\n<\/div>\n\n\n\n<div class=\"wp-block-column is-layout-flow wp-block-column-is-layout-flow\">\n<h5 class=\"wp-block-heading\">Ein Pariser in St. P\u00f6lten<\/h5>\n\n\n\n<p>In der Galerie im Kulturcafe Kuckucksnest am M\u00fchlweg ist derzeit die Ausstellung mit \u00d6lbildern, Aquarellen, Pastellen und Gouachen von Peter Gallen zu sehen. Gallen ist am 9. Dezember 1948 in Paris geboren und malt seit 1964.<\/p>\n\n\n\n<p>Er ist Lehrer f\u00fcr Politische Bildung und Betriebswirtschaftlichen Unterricht an der Berufsschule in Lilienfeld und wohnt in St. P\u00f6lten. Im Cafe Kuckucksnest sind insgesamt 24 Bilder exponiert, die in Perspektiven, Thema und Farbgebung bestechen. Dabei k\u00f6nnen diese Bilder, im Verh\u00e4ltnis zur Qualit\u00e4t, zu \u00fcberaus g\u00fcnstigen Konditionen k\u00e4uflich erworben werden.<\/p>\n<\/div>\n<\/div>\n\n\n\n<div class=\"wp-block-ftg-gallery\"><!-- Final Tiles Grid Gallery for WordPress v3.5.8 free --><style>#ftg-1616 .tile .icon { color:#ffffff; }#ftg-1616 .ftg-items .loading-bar i { background:#666; }#ftg-1616 .ftg-items .loading-bar { background:#fff; }#ftg-1616 .tile .icon { font-size:12px; }#ftg-1616 .tile .icon { margin: -6px 0 0 -6px; }#ftg-1616 .tile .caption-block .text-wrapper span.text { font-size:12px; }#ftg-1616 .tile .caption-outside .text-wrapper span.text { font-size:12px; }#ftg-1616 .tile .caption-block .text-wrapper span.title { font-size:14px; }#ftg-1616 .tile .caption-outside .text-wrapper span.title { font-size:14px; }#ftg-1616 .tile { background-color: transparent; }#ftg-1616 .tile .caption-block .text-wrapper span.text { color: #ffffff; }#ftg-1616 .tile .caption-block .text-wrapper span.title { color: #ffffff; }#ftg-1616 .tile .caption-outside .text-wrapper span.text { color: #ffffff; }#ftg-1616 .tile .caption-outside .text-wrapper span.title { color: #ffffff; }#ftg-1616 .tile .ftg-social a { color: #ffffff; }#ftg-1616 .tile .caption-block { transition-timing-function:linear; }#ftg-1616 .tile .caption-block { transition-duration:0.25s; }#ftg-1616 .tile .tile-inner:before { background-color: #000000; }#ftg-1616 .tile .tile-inner:before { background-color: rgba(0, 0, 0, 0.8); }<\/style><a name='16'><\/a><div class='final-tiles-gallery  ftg-hover-enabled caption-inside  caption-none caption-middle caption-center' id='ftg-1616' style='width:100%'><div class='ftg-items'><div class='loading-bar'><i><\/i><\/div><div  class='tile ftg-preload  '><a title=\"Ausstellung Cafe Kuckucksnest\" data-lightbox='ftg-1616' rel='ftg-1616'  class=' tile-inner  ftg-lightbox' href='https:\/\/www.gallen.at\/wp-content\/uploads\/kuckucksnest-02-1024x686.jpeg' ><img alt='Ausstellung Cafe Kuckucksnest' class='item skip-lazy' data-class='item' data-ftg-source='https:\/\/www.gallen.at\/wp-content\/uploads\/kuckucksnest-02-1024x686.jpeg' src='https:\/\/www.gallen.at\/wp-content\/uploads\/kuckucksnest-02-1024x686.jpeg' width='1024' height='686' \/><span class='icon fa fa-zoom'><\/span><div class='caption-block'><div class='text-wrapper'><span class='title'>Ausstellung Cafe Kuckucksnest<\/span><\/div><\/div><\/a><div class='ftg-social'><\/div><\/div><div  class='tile ftg-preload  '><a title=\"Ausstellung Cafe Kuckucksnest\" data-lightbox='ftg-1616' rel='ftg-1616'  class=' tile-inner  ftg-lightbox' href='https:\/\/www.gallen.at\/wp-content\/uploads\/kuckucksnest-03-837x1024.jpeg' ><img alt='Ausstellung Cafe Kuckucksnest' class='item skip-lazy' data-class='item' data-ftg-source='https:\/\/www.gallen.at\/wp-content\/uploads\/kuckucksnest-03-837x1024.jpeg' src='https:\/\/www.gallen.at\/wp-content\/uploads\/kuckucksnest-03-837x1024.jpeg' width='837' height='1024' \/><span class='icon fa fa-zoom'><\/span><div class='caption-block'><div class='text-wrapper'><span class='title'>Ausstellung Cafe Kuckucksnest<\/span><\/div><\/div><\/a><div class='ftg-social'><\/div><\/div><div  class='tile ftg-preload  '><a title=\"Ausstellung Cafe Kuckucksnest\" data-lightbox='ftg-1616' rel='ftg-1616'  class=' tile-inner  ftg-lightbox' href='https:\/\/www.gallen.at\/wp-content\/uploads\/kuckucksnest-05-1024x699.jpeg' ><img alt='Ausstellung Cafe Kuckucksnest' class='item skip-lazy' data-class='item' data-ftg-source='https:\/\/www.gallen.at\/wp-content\/uploads\/kuckucksnest-05-1024x699.jpeg' src='https:\/\/www.gallen.at\/wp-content\/uploads\/kuckucksnest-05-1024x699.jpeg' width='1024' height='699' \/><span class='icon fa fa-zoom'><\/span><div class='caption-block'><div class='text-wrapper'><span class='title'>Ausstellung Cafe Kuckucksnest<\/span><\/div><\/div><\/a><div class='ftg-social'><\/div><\/div><div  class='tile ftg-preload  '><a title=\"Ausstellung Cafe Kuckucksnest\" data-lightbox='ftg-1616' rel='ftg-1616'  class=' tile-inner  ftg-lightbox' href='https:\/\/www.gallen.at\/wp-content\/uploads\/kuckucksnest-04-1024x699.jpeg' ><img alt='Ausstellung Cafe Kuckucksnest' class='item skip-lazy' data-class='item' data-ftg-source='https:\/\/www.gallen.at\/wp-content\/uploads\/kuckucksnest-04-1024x699.jpeg' src='https:\/\/www.gallen.at\/wp-content\/uploads\/kuckucksnest-04-1024x699.jpeg' width='1024' height='699' \/><span class='icon fa fa-zoom'><\/span><div class='caption-block'><div class='text-wrapper'><span class='title'>Ausstellung Cafe Kuckucksnest<\/span><\/div><\/div><\/a><div class='ftg-social'><\/div><\/div><div  class='tile ftg-preload  '><a title=\"Ausstellung Cafe Kuckucksnest\" data-lightbox='ftg-1616' rel='ftg-1616'  class=' tile-inner  ftg-lightbox' href='https:\/\/www.gallen.at\/wp-content\/uploads\/kuckucksnest-06-1024x699.jpeg' ><img alt='Ausstellung Cafe Kuckucksnest' class='item skip-lazy' data-class='item' data-ftg-source='https:\/\/www.gallen.at\/wp-content\/uploads\/kuckucksnest-06-1024x699.jpeg' src='https:\/\/www.gallen.at\/wp-content\/uploads\/kuckucksnest-06-1024x699.jpeg' width='1024' height='699' \/><span class='icon fa fa-zoom'><\/span><div class='caption-block'><div class='text-wrapper'><span class='title'>Ausstellung Cafe Kuckucksnest<\/span><\/div><\/div><\/a><div class='ftg-social'><\/div><\/div><div  class='tile ftg-preload  '><a title=\"Ausstellung Cafe Kuckucksnest\" data-lightbox='ftg-1616' rel='ftg-1616'  class=' tile-inner  ftg-lightbox' href='https:\/\/www.gallen.at\/wp-content\/uploads\/kuckucksnest-07-1024x699.jpeg' ><img alt='Ausstellung Cafe Kuckucksnest' class='item skip-lazy' data-class='item' data-ftg-source='https:\/\/www.gallen.at\/wp-content\/uploads\/kuckucksnest-07-1024x699.jpeg' src='https:\/\/www.gallen.at\/wp-content\/uploads\/kuckucksnest-07-1024x699.jpeg' width='1024' height='699' \/><span class='icon fa fa-zoom'><\/span><div class='caption-block'><div class='text-wrapper'><span class='title'>Ausstellung Cafe Kuckucksnest<\/span><\/div><\/div><\/a><div class='ftg-social'><\/div><\/div><div  class='tile ftg-preload  '><a title=\"Ausstellung Cafe Kuckucksnest\" data-lightbox='ftg-1616' rel='ftg-1616'  class=' tile-inner  ftg-lightbox' href='https:\/\/www.gallen.at\/wp-content\/uploads\/kuckucksnest-08-1024x699.jpeg' ><img alt='Ausstellung Cafe Kuckucksnest' class='item skip-lazy' data-class='item' data-ftg-source='https:\/\/www.gallen.at\/wp-content\/uploads\/kuckucksnest-08-1024x699.jpeg' src='https:\/\/www.gallen.at\/wp-content\/uploads\/kuckucksnest-08-1024x699.jpeg' width='1024' height='699' \/><span class='icon fa fa-zoom'><\/span><div class='caption-block'><div class='text-wrapper'><span class='title'>Ausstellung Cafe Kuckucksnest<\/span><\/div><\/div><\/a><div class='ftg-social'><\/div><\/div><div  class='tile ftg-preload  '><a title=\"Ausstellung Cafe Kuckucksnest\" data-lightbox='ftg-1616' rel='ftg-1616'  class=' tile-inner  ftg-lightbox' href='https:\/\/www.gallen.at\/wp-content\/uploads\/kuckucksnest-09-703x1024.jpeg' ><img alt='Ausstellung Cafe Kuckucksnest' class='item skip-lazy' data-class='item' data-ftg-source='https:\/\/www.gallen.at\/wp-content\/uploads\/kuckucksnest-09-703x1024.jpeg' src='https:\/\/www.gallen.at\/wp-content\/uploads\/kuckucksnest-09-703x1024.jpeg' width='703' height='1024' \/><span class='icon fa fa-zoom'><\/span><div class='caption-block'><div class='text-wrapper'><span class='title'>Ausstellung Cafe Kuckucksnest<\/span><\/div><\/div><\/a><div class='ftg-social'><\/div><\/div><div  class='tile ftg-preload  '><a title=\"Ausstellung Cafe Kuckucksnest\" data-lightbox='ftg-1616' rel='ftg-1616'  class=' tile-inner  ftg-lightbox' href='https:\/\/www.gallen.at\/wp-content\/uploads\/kuckucksnest-10-1024x708.jpeg' ><img alt='Ausstellung Cafe Kuckucksnest' class='item skip-lazy' data-class='item' data-ftg-source='https:\/\/www.gallen.at\/wp-content\/uploads\/kuckucksnest-10-1024x708.jpeg' src='https:\/\/www.gallen.at\/wp-content\/uploads\/kuckucksnest-10-1024x708.jpeg' width='1024' height='708' \/><span class='icon fa fa-zoom'><\/span><div class='caption-block'><div class='text-wrapper'><span class='title'>Ausstellung Cafe Kuckucksnest<\/span><\/div><\/div><\/a><div class='ftg-social'><\/div><\/div><div  class='tile ftg-preload  '><a title=\"Ausstellung Cafe Kuckucksnest\" data-lightbox='ftg-1616' rel='ftg-1616'  class=' tile-inner  ftg-lightbox' href='https:\/\/www.gallen.at\/wp-content\/uploads\/kuckucksnest-11-1024x692.jpeg' ><img alt='Ausstellung Cafe Kuckucksnest' class='item skip-lazy' data-class='item' data-ftg-source='https:\/\/www.gallen.at\/wp-content\/uploads\/kuckucksnest-11-1024x692.jpeg' src='https:\/\/www.gallen.at\/wp-content\/uploads\/kuckucksnest-11-1024x692.jpeg' width='1024' height='692' \/><span class='icon fa fa-zoom'><\/span><div class='caption-block'><div class='text-wrapper'><span class='title'>Ausstellung Cafe Kuckucksnest<\/span><\/div><\/div><\/a><div class='ftg-social'><\/div><\/div><div  class='tile ftg-preload  '><a title=\"Ausstellung Cafe Kuckucksnest\" data-lightbox='ftg-1616' rel='ftg-1616'  class=' tile-inner  ftg-lightbox' href='https:\/\/www.gallen.at\/wp-content\/uploads\/kuckucksnest-12-686x1024.jpeg' ><img alt='Ausstellung Cafe Kuckucksnest' class='item skip-lazy' data-class='item' data-ftg-source='https:\/\/www.gallen.at\/wp-content\/uploads\/kuckucksnest-12-686x1024.jpeg' src='https:\/\/www.gallen.at\/wp-content\/uploads\/kuckucksnest-12-686x1024.jpeg' width='686' height='1024' \/><span class='icon fa fa-zoom'><\/span><div class='caption-block'><div class='text-wrapper'><span class='title'>Ausstellung Cafe Kuckucksnest<\/span><\/div><\/div><\/a><div class='ftg-social'><\/div><\/div><div  class='tile ftg-preload  '><a title=\"Ausstellung Cafe Kuckucksnest\" data-lightbox='ftg-1616' rel='ftg-1616'  class=' tile-inner  ftg-lightbox' href='https:\/\/www.gallen.at\/wp-content\/uploads\/kuckucksnest-13-1024x708.jpeg' ><img alt='Ausstellung Cafe Kuckucksnest' class='item skip-lazy' data-class='item' data-ftg-source='https:\/\/www.gallen.at\/wp-content\/uploads\/kuckucksnest-13-1024x708.jpeg' src='https:\/\/www.gallen.at\/wp-content\/uploads\/kuckucksnest-13-1024x708.jpeg' width='1024' height='708' \/><span class='icon fa fa-zoom'><\/span><div class='caption-block'><div class='text-wrapper'><span class='title'>Ausstellung Cafe Kuckucksnest<\/span><\/div><\/div><\/a><div class='ftg-social'><\/div><\/div><div  class='tile ftg-preload  '><a title=\"Ausstellung Cafe Kuckucksnest\" data-lightbox='ftg-1616' rel='ftg-1616'  class=' tile-inner  ftg-lightbox' href='https:\/\/www.gallen.at\/wp-content\/uploads\/kuckucksnest-01-1024x686.jpeg' ><img alt='Ausstellung Cafe Kuckucksnest' class='item skip-lazy' data-class='item' data-ftg-source='https:\/\/www.gallen.at\/wp-content\/uploads\/kuckucksnest-01-1024x686.jpeg' src='https:\/\/www.gallen.at\/wp-content\/uploads\/kuckucksnest-01-1024x686.jpeg' width='1024' height='686' \/><span class='icon fa fa-zoom'><\/span><div class='caption-block'><div class='text-wrapper'><span class='title'>Ausstellung Cafe Kuckucksnest<\/span><\/div><\/div><\/a><div class='ftg-social'><\/div><\/div><\/div><\/div><script type='text\/javascript'>jQuery('#ftg-1616 img.item').removeAttr('src');jQuery(document).ready(function () {setTimeout(function () {jQuery('#ftg-1616').finalTilesGallery({minTileWidth: 250,margin: 10,loadMethod: 'sequential',nonce: '674fe54d2c',galleryId: '16',setupFilters: true,layout: 'columns',debug: false,gridSize: 25,disableGridSizeBelow:800,allowEnlargement: true,columns: [[4000, 4],[1024, 4],[800, 3],[480, 3],[320, 2]],selectedFilter: 'n-a'});jQuery(function () {(function () {var rel = '';jQuery('#ftg-1616 .ftg-lightbox').click(function (e) {rel = jQuery(this).attr('rel');jQuery('#ftg-1616 .ftg-current').removeClass('ftg-current');jQuery('#ftg-1616 [rel=\"'+rel+'\"]').addClass('ftg-current');});})();});}, 0);});<\/script><\/div>\n","protected":false},"excerpt":{"rendered":"<p>Ausstellung im Cafe Kuckucksnest April &#8211; Mai 1981 Peter Gallen stellt aus ST. P\u00d6LTEN &#8211; Im Monat April stellt im Cafe Kuckucksnest am M\u00fchlweg der St. P\u00f6ltner Peter Gallen seine Bilder aus. Peter Gallen wurde 1948 in Paris geboren, malt seit 1964 und ist hauptberuflich Lehrer f\u00fcr Politische Bildung und Betriebswirtschaftlichen Unterricht an der Berufsschule [&hellip;]<\/p>\n","protected":false},"author":1,"featured_media":0,"parent":0,"menu_order":0,"comment_status":"closed","ping_status":"closed","template":"","meta":{"footnotes":""},"_links":{"self":[{"href":"https:\/\/www.gallen.at\/index.php\/wp-json\/wp\/v2\/pages\/477"}],"collection":[{"href":"https:\/\/www.gallen.at\/index.php\/wp-json\/wp\/v2\/pages"}],"about":[{"href":"https:\/\/www.gallen.at\/index.php\/wp-json\/wp\/v2\/types\/page"}],"author":[{"embeddable":true,"href":"https:\/\/www.gallen.at\/index.php\/wp-json\/wp\/v2\/users\/1"}],"replies":[{"embeddable":true,"href":"https:\/\/www.gallen.at\/index.php\/wp-json\/wp\/v2\/comments?post=477"}],"version-history":[{"count":3,"href":"https:\/\/www.gallen.at\/index.php\/wp-json\/wp\/v2\/pages\/477\/revisions"}],"predecessor-version":[{"id":497,"href":"https:\/\/www.gallen.at\/index.php\/wp-json\/wp\/v2\/pages\/477\/revisions\/497"}],"wp:attachment":[{"href":"https:\/\/www.gallen.at\/index.php\/wp-json\/wp\/v2\/media?parent=477"}],"curies":[{"name":"wp","href":"https:\/\/api.w.org\/{rel}","templated":true}]}}