{"id":622,"date":"2023-07-31T16:20:39","date_gmt":"2023-07-31T14:20:39","guid":{"rendered":"https:\/\/www.gallen.at\/?page_id=622"},"modified":"2023-07-31T16:20:39","modified_gmt":"2023-07-31T14:20:39","slug":"ausstellung-volkshochschule-margareten","status":"publish","type":"page","link":"https:\/\/www.gallen.at\/index.php\/ausstellung-volkshochschule-margareten\/","title":{"rendered":"Ausstellung Volkshochschule Margareten"},"content":{"rendered":"\n<h1 class=\"wp-block-heading\">Ausstellung in der Volkshochschule Wien-Margareten<\/h1>\n\n\n\n<h5 class=\"wp-block-heading\">HARMONISCHE NATUR<\/h5>\n\n\n\n<figure class=\"wp-block-image size-large\"><img decoding=\"async\" loading=\"lazy\" width=\"1024\" height=\"768\" src=\"https:\/\/www.gallen.at\/wp-content\/uploads\/volkshochschule-1024x768.jpeg\" alt=\"\" class=\"wp-image-623\" srcset=\"https:\/\/www.gallen.at\/wp-content\/uploads\/volkshochschule-1024x768.jpeg 1024w, https:\/\/www.gallen.at\/wp-content\/uploads\/volkshochschule-300x225.jpeg 300w, https:\/\/www.gallen.at\/wp-content\/uploads\/volkshochschule-768x576.jpeg 768w, https:\/\/www.gallen.at\/wp-content\/uploads\/volkshochschule.jpeg 1494w\" sizes=\"(max-width: 1024px) 100vw, 1024px\" \/><\/figure>\n\n\n\n<p>ST.P\u00f6lten, LILIENFELD &#8211; Noch bis 3. 2. stellt in der Volkshochschule Wien-Margareten, St\u00f6bergasse 11-15, ein K\u00fcnstler aus, der einen interessanten Werdegang hat: Peter Gallen<\/p>\n\n\n\n<p>Gallen ist geb\u00fcrdiger Pariser, Jahrgang 1948, absolvierte von 1963 bis 1968 die HAK in St.P\u00f6lten und war hier von 1968 bis 1973 Angestellter der CA. Seit 1973 wirkt er als Lehrer f\u00fcr Politische Bildung und Betriebswirtschaftslehre an der Berufsschule Lilienfeld. Seit 1964 malt Peter Gallen, Studienreisen f\u00fchrten ihn nach Frankreich, Griechenland, Spanien und Italien. Der Mensch und die Natur sind seine Motive. Durch die Sch\u00f6nheit der Natur will er die Menschen zum Denken anregen.<\/p>\n","protected":false},"excerpt":{"rendered":"<p>Ausstellung in der Volkshochschule Wien-Margareten HARMONISCHE NATUR ST.P\u00f6lten, LILIENFELD &#8211; Noch bis 3. 2. stellt in der Volkshochschule Wien-Margareten, St\u00f6bergasse 11-15, ein K\u00fcnstler aus, der einen interessanten Werdegang hat: Peter Gallen Gallen ist geb\u00fcrdiger Pariser, Jahrgang 1948, absolvierte von 1963 bis 1968 die HAK in St.P\u00f6lten und war hier von 1968 bis 1973 Angestellter der [&hellip;]<\/p>\n","protected":false},"author":1,"featured_media":0,"parent":0,"menu_order":0,"comment_status":"closed","ping_status":"closed","template":"","meta":{"footnotes":""},"_links":{"self":[{"href":"https:\/\/www.gallen.at\/index.php\/wp-json\/wp\/v2\/pages\/622"}],"collection":[{"href":"https:\/\/www.gallen.at\/index.php\/wp-json\/wp\/v2\/pages"}],"about":[{"href":"https:\/\/www.gallen.at\/index.php\/wp-json\/wp\/v2\/types\/page"}],"author":[{"embeddable":true,"href":"https:\/\/www.gallen.at\/index.php\/wp-json\/wp\/v2\/users\/1"}],"replies":[{"embeddable":true,"href":"https:\/\/www.gallen.at\/index.php\/wp-json\/wp\/v2\/comments?post=622"}],"version-history":[{"count":1,"href":"https:\/\/www.gallen.at\/index.php\/wp-json\/wp\/v2\/pages\/622\/revisions"}],"predecessor-version":[{"id":625,"href":"https:\/\/www.gallen.at\/index.php\/wp-json\/wp\/v2\/pages\/622\/revisions\/625"}],"wp:attachment":[{"href":"https:\/\/www.gallen.at\/index.php\/wp-json\/wp\/v2\/media?parent=622"}],"curies":[{"name":"wp","href":"https:\/\/api.w.org\/{rel}","templated":true}]}}