{"id":677,"date":"2023-08-03T10:40:27","date_gmt":"2023-08-03T08:40:27","guid":{"rendered":"https:\/\/www.gallen.at\/?page_id=677"},"modified":"2023-08-22T16:06:33","modified_gmt":"2023-08-22T14:06:33","slug":"ausstellung-ca-1986","status":"publish","type":"page","link":"https:\/\/www.gallen.at\/index.php\/ausstellung-ca-1986\/","title":{"rendered":"Ausstellung CA 1986"},"content":{"rendered":"\n<h1 class=\"wp-block-heading\">Ausstellung in der CA-Filiale St.&nbsp;P\u00f6lten<\/h1>\n\n\n\n<p class=\"has-large-font-size\">20. November &#8211; 19. Dezember 1986<\/p>\n\n\n\n<figure class=\"wp-block-image size-large\"><img decoding=\"async\" loading=\"lazy\" width=\"1024\" height=\"682\" src=\"https:\/\/www.gallen.at\/wp-content\/uploads\/ca-1986-02-1024x682.jpg\" alt=\"\" class=\"wp-image-680\" srcset=\"https:\/\/www.gallen.at\/wp-content\/uploads\/ca-1986-02-1024x682.jpg 1024w, https:\/\/www.gallen.at\/wp-content\/uploads\/ca-1986-02-300x200.jpg 300w, https:\/\/www.gallen.at\/wp-content\/uploads\/ca-1986-02-768x511.jpg 768w, https:\/\/www.gallen.at\/wp-content\/uploads\/ca-1986-02.jpg 1074w\" sizes=\"(max-width: 1024px) 100vw, 1024px\" \/><\/figure>\n\n\n\n<figure class=\"wp-block-image size-large\"><img decoding=\"async\" loading=\"lazy\" width=\"1024\" height=\"786\" src=\"https:\/\/www.gallen.at\/wp-content\/uploads\/ca-1986-01-1024x786.jpeg\" alt=\"\" class=\"wp-image-681\" srcset=\"https:\/\/www.gallen.at\/wp-content\/uploads\/ca-1986-01-1024x786.jpeg 1024w, https:\/\/www.gallen.at\/wp-content\/uploads\/ca-1986-01-300x230.jpeg 300w, https:\/\/www.gallen.at\/wp-content\/uploads\/ca-1986-01-768x590.jpeg 768w, https:\/\/www.gallen.at\/wp-content\/uploads\/ca-1986-01-1536x1180.jpeg 1536w, https:\/\/www.gallen.at\/wp-content\/uploads\/ca-1986-01.jpeg 2000w\" sizes=\"(max-width: 1024px) 100vw, 1024px\" \/><\/figure>\n\n\n\n<p class=\"has-large-font-size\">Nieder\u00f6sterreichische Nachrichten 24. November 1986<\/p>\n\n\n\n<div class=\"wp-block-columns is-layout-flex wp-container-3 wp-block-columns-is-layout-flex\">\n<div class=\"wp-block-column is-layout-flow wp-block-column-is-layout-flow\">\n<p><strong>Ein Newcomer in der heimischen Kunstszene<\/strong><\/p>\n\n\n\n<h5 class=\"wp-block-heading\">Peter Gallen in der CA-Galerie: Ein Landschafter von Rang<\/h5>\n\n\n\n<p>ST. P\u00d6LTEN &#8211; Vernissagen z\u00e4hlen ohne Zweifel zu gesellschaftlichen Ereignissen von bemerkenswerten Rang- Die Aussstellungser\u00f6ffnung, die am vergangenen Freitag, 21., in der CA-Filiale St. P\u00f6lten Werken von Peter Gallen galt, unterstrich dies einmal mehr.<\/p>\n\n\n\n<p>Sowohl das vonm k\u00fcnstlerischen Niveau her imponiernde Bildschaffen Peter Gallens, in dem Landschaftsdarstellungen einen beherrschenden Rang einnahmen als auch die repr\u00e4sentativen R\u00e4umlichkeiten der Bankfiliale gaben der Veranstaltung die Atmosph\u00e4re.<\/p>\n\n\n\n<p>Direktor Johann B\u00f6hm und Vorstand-Stellv. Bruno Just konnten rund 200 Besucher begr\u00fc\u00dfen, an der Spitze die beiden Vizeb\u00fcrgermister Kysela und Kimmeswenger wie auch Univ.-Prof. Dr. Karl Gutkas, der dann nach einer kurzen W\u00fcrdigung des K\u00fcnstlers die Ausstellung er\u00f6ffnete.<\/p>\n<\/div>\n\n\n\n<div class=\"wp-block-column is-layout-flow wp-block-column-is-layout-flow\">\n<p>Peter Gallen, in Paris geboren, in St. P\u00f6lten aufgewachsen und in Lilienfeld beruflich t\u00e4tig, widmet sich seit etwa einem Jharzeht verst\u00e4rkt der Malerei und legt in dieser ersten gr\u00f6\u00dferen Ausstellung dier \u00d6ffentlichkeit mehr als 70 Bilder vor.<\/p>\n\n\n\n<p>Sowojl im \u00d6lbild als auch im Aquarell entwickelte er sich zum gediegenem Landschaftler, der seine Motive in St. P\u00f6lten und seinem Umfeld, aber auch in Griecheland und in der Bretagne sucht. Es sind dies Bilder, die kompositorisch und technisch einwandfrei beherrscht werden, Bilder, die als ausnehmend malerisch anzusprechen sind und auch ein hohes zeichnerisches K\u00f6nnen Peter Gallens dokumentieren. Im Figuralen &#8211; fast ausschlie\u00dflich Aktdarstellungen &#8211; hat sich der K\u00fcnstler noch nicht von Vorbildern gel\u00f6st, wei\u00df aber hier mit Farbstimmungen zu beeindrucken. &#8211; Die Ausstellungen l\u00e4uft bis 19 .12.<\/p>\n\n\n\n<p class=\"has-text-align-right\">Josef Komar<\/p>\n<\/div>\n<\/div>\n\n\n\n<div class=\"wp-block-cover wp-duotone-unset-4\"><span aria-hidden=\"true\" class=\"wp-block-cover__background has-background-dim-0 has-background-dim\"><\/span><img decoding=\"async\" loading=\"lazy\" width=\"1024\" height=\"694\" class=\"wp-block-cover__image-background wp-image-688\" alt=\"\" src=\"https:\/\/www.gallen.at\/wp-content\/uploads\/ca-1986-04-1024x694.jpeg\" data-object-fit=\"cover\" srcset=\"https:\/\/www.gallen.at\/wp-content\/uploads\/ca-1986-04-1024x694.jpeg 1024w, https:\/\/www.gallen.at\/wp-content\/uploads\/ca-1986-04-300x203.jpeg 300w, https:\/\/www.gallen.at\/wp-content\/uploads\/ca-1986-04-768x521.jpeg 768w, https:\/\/www.gallen.at\/wp-content\/uploads\/ca-1986-04-1536x1042.jpeg 1536w, https:\/\/www.gallen.at\/wp-content\/uploads\/ca-1986-04-2048x1389.jpeg 2048w\" sizes=\"(max-width: 1024px) 100vw, 1024px\" \/><div class=\"wp-block-cover__inner-container is-layout-flow wp-block-cover-is-layout-flow\">\n<p class=\"has-text-align-center has-large-font-size\"><\/p>\n<\/div><\/div>\n\n\n\n<p>Bei der j\u00fcngsten, repr\u00e4sentativen Vernissage in der CA-Filiale St. P\u00f6lten: Univ.-Prof. Dr. Gutkas, Vbgm. Kysela, der K\u00fcnstler Peter Gallen, CA-Direktor Johann B\u00f6hm, Vbgm. Kimmeswenger und p. r.-Mann Manfred Grundmann-H\u00fcgel von der CA (v. l. n. r.). (Foto: Hasenzagl)<\/p>\n\n\n\n<hr class=\"wp-block-separator has-alpha-channel-opacity\"\/>\n\n\n\n<p class=\"has-large-font-size\">Kurier &#8211; 9. Dezember 1986<\/p>\n\n\n\n<div class=\"wp-block-columns is-layout-flex wp-container-8 wp-block-columns-is-layout-flex\">\n<div class=\"wp-block-column is-layout-flow wp-block-column-is-layout-flow\">\n<h5 class=\"wp-block-heading\">Ausstellung zeigt Motive aus dem Raum St. P\u00f6lten<\/h5>\n\n\n\n<p>ST. P\u00d6LTEN &#8211; Die R\u00e4umlichkeiten der Creditanstalt in St. P\u00f6lten pr\u00e4sentierten sich dieser Tage als Galerie. Ein junger St. P\u00f6ltner K\u00fcnstler, Peter Gallen, zeigt in einer Ausstellung 70 Werke der letzten Jahre.<\/p>\n\n\n\n<p>Peter Gallen, von Beruf Lehrer an der Berufsschule Lilienfeld, hat eine Liebe zur Kunst schon vor Jahren entdeckt. Farbe und Pinsel begleiten ihn <\/p>\n<\/div>\n\n\n\n<div class=\"wp-block-column is-layout-flow wp-block-column-is-layout-flow\">\n<p>praktisch durchs Leben, auch im Urlaub dr\u00fcfen diese Utensilien nicht fehlen.<\/p>\n\n\n\n<p>In seinen Aquarellen und \u00d6lbildern h\u00e4lt Gallen am liebsten Landschaftsbilder fest. Unda dabei bevorzugt er wiederum Motive aus dem Umfeld der Landeshauptstadt, aber auch sud Gleichenland und Frankreich, wo Gallen zur Welt kam. <\/p>\n\n\n\n<p>Ge\u00f6ffnet ist die Ausstellung noch bis 19. Dezember und kann t\u00e4glich zu den Kassastunden besichtigt werden.<\/p>\n<\/div>\n<\/div>\n\n\n\n<hr class=\"wp-block-separator has-alpha-channel-opacity\"\/>\n\n\n\n<p class=\"has-large-font-size\">St. P\u00f6lten Konkret &#8211; J\u00e4nner 1986<\/p>\n\n\n\n<div class=\"wp-block-columns is-layout-flex wp-container-11 wp-block-columns-is-layout-flex\">\n<div class=\"wp-block-column is-layout-flow wp-block-column-is-layout-flow\">\n<p>Ein gro\u00dfer Erfolg war die Vernissage des St. P\u00f6ltner Malers Peter Gallen, in der Gesch\u00e4ftr\u00e4umen der Creidanstalt St. P\u00f6lten, am 20. November. An die 200 G\u00e4ste konnten begr\u00fc\u00dft werden, darunter zahlreiche Pers\u00f6nlichkeiten des \u00f6ffentlichen Lebens. Die Ausstellung umfa\u00dfte mehr als 70 Bilder, die der K\u00fcnstler neben seienm Hauptberuf als Lehre an der Landesbrerufsschule Lilienfeld, <\/p>\n<\/div>\n\n\n\n<div class=\"wp-block-column is-layout-flow wp-block-column-is-layout-flow\">\n<p>haupts\u00e4chlich in den letzten 2 Jahren geschaffen hat. Die Vielseitigkeit seines K\u00f6nnen wird durch die Anwendung verschiedener Maltechniken zum Ausdruck gebracht, die auch im Titel der Ausstellung zu finden war: Die Ausstellung Peter Gallen, \u00d6l, Aquarell, Kreise, Pastell war bis zum 19. Dezember, im Schalterraum der CA w\u00e4hrend der Schalterstunden zu besichtigen.<\/p>\n<\/div>\n<\/div>\n\n\n\n<div class=\"wp-block-ftg-gallery\"><!-- Final Tiles Grid Gallery for WordPress v3.5.8 free --><style>#ftg-2222 .tile .icon { color:#ffffff; }#ftg-2222 .ftg-items .loading-bar i { background:#666; }#ftg-2222 .ftg-items .loading-bar { background:#fff; }#ftg-2222 .tile .icon { font-size:12px; }#ftg-2222 .tile .icon { margin: -6px 0 0 -6px; }#ftg-2222 .tile .caption-block .text-wrapper span.text { font-size:12px; }#ftg-2222 .tile .caption-outside .text-wrapper span.text { font-size:12px; }#ftg-2222 .tile .caption-block .text-wrapper span.title { font-size:14px; }#ftg-2222 .tile .caption-outside .text-wrapper span.title { font-size:14px; }#ftg-2222 .tile { background-color: transparent; }#ftg-2222 .tile .caption-block .text-wrapper span.text { color: #ffffff; }#ftg-2222 .tile .caption-block .text-wrapper span.title { color: #ffffff; }#ftg-2222 .tile .caption-outside .text-wrapper span.text { color: #ffffff; }#ftg-2222 .tile .caption-outside .text-wrapper span.title { color: #ffffff; }#ftg-2222 .tile .ftg-social a { color: #ffffff; }#ftg-2222 .tile .caption-block { transition-duration:0.25s; }#ftg-2222 .tile .tile-inner:before { background-color: #000000; }#ftg-2222 .tile .tile-inner:before { background-color: rgba(0, 0, 0, 0.8); }#ftg-2222 .tile:hover img {-moz-transform: -moz-rotate(0deg) -moz-scale(0) ;-webkit-transform: -webkit-rotate(0deg) -webkit-scale(0) ;-o-transform: -o-rotate(0deg) -o-scale(0) ;-ms-transform: -ms-rotate(0deg) -ms-scale(0) ;transform: rotate(0deg) scale(0) ;}<\/style><a name='22'><\/a><div class='final-tiles-gallery  ftg-hover-enabled caption-inside  caption-none caption-middle caption-center' id='ftg-2222' style='width:100%'><div class='ftg-items'><div class='loading-bar'><i><\/i><\/div><div  class='tile ftg-preload  '><a title=\"Ausstellung CA 1986\" data-lightbox='ftg-2222' rel='ftg-2222'  class=' tile-inner  ftg-lightbox' href='https:\/\/www.gallen.at\/wp-content\/uploads\/ca-1986-12-1024x694.jpeg' ><img alt='Ausstellung CA 1986' class='item skip-lazy' data-class='item' data-ftg-source='https:\/\/www.gallen.at\/wp-content\/uploads\/ca-1986-12-1024x694.jpeg' src='https:\/\/www.gallen.at\/wp-content\/uploads\/ca-1986-12-1024x694.jpeg' width='1024' height='694' \/><div class='caption-block'><div class='text-wrapper'><\/div><\/div><\/a><div class='ftg-social'><\/div><\/div><div  class='tile ftg-preload  '><a title=\"Ausstellung CA 1986\" data-lightbox='ftg-2222' rel='ftg-2222'  class=' tile-inner  ftg-lightbox' href='https:\/\/www.gallen.at\/wp-content\/uploads\/ca-1986-11-1024x687.jpeg' ><img alt='Ausstellung CA 1986' class='item skip-lazy' data-class='item' data-ftg-source='https:\/\/www.gallen.at\/wp-content\/uploads\/ca-1986-11-1024x687.jpeg' src='https:\/\/www.gallen.at\/wp-content\/uploads\/ca-1986-11-1024x687.jpeg' width='1024' height='687' \/><div class='caption-block'><div class='text-wrapper'><\/div><\/div><\/a><div class='ftg-social'><\/div><\/div><div  class='tile ftg-preload  '><a title=\"Ausstellung CA 1986\" data-lightbox='ftg-2222' rel='ftg-2222'  class=' tile-inner  ftg-lightbox' href='https:\/\/www.gallen.at\/wp-content\/uploads\/ca-1986-10-1024x694.jpeg' ><img alt='Ausstellung CA 1986' class='item skip-lazy' data-class='item' data-ftg-source='https:\/\/www.gallen.at\/wp-content\/uploads\/ca-1986-10-1024x694.jpeg' src='https:\/\/www.gallen.at\/wp-content\/uploads\/ca-1986-10-1024x694.jpeg' width='1024' height='694' \/><div class='caption-block'><div class='text-wrapper'><\/div><\/div><\/a><div class='ftg-social'><\/div><\/div><div  class='tile ftg-preload  '><a title=\"Ausstellung CA 1986\" data-lightbox='ftg-2222' rel='ftg-2222'  class=' tile-inner  ftg-lightbox' href='https:\/\/www.gallen.at\/wp-content\/uploads\/ca-1986-09-1024x687.jpeg' ><img alt='Ausstellung CA 1986' class='item skip-lazy' data-class='item' data-ftg-source='https:\/\/www.gallen.at\/wp-content\/uploads\/ca-1986-09-1024x687.jpeg' src='https:\/\/www.gallen.at\/wp-content\/uploads\/ca-1986-09-1024x687.jpeg' width='1024' height='687' \/><div class='caption-block'><div class='text-wrapper'><\/div><\/div><\/a><div class='ftg-social'><\/div><\/div><div  class='tile ftg-preload  '><a title=\"Ausstellung CA 1986\" data-lightbox='ftg-2222' rel='ftg-2222'  class=' tile-inner  ftg-lightbox' href='https:\/\/www.gallen.at\/wp-content\/uploads\/ca-1986-08-1024x694.jpeg' ><img alt='Ausstellung CA 1986' class='item skip-lazy' data-class='item' data-ftg-source='https:\/\/www.gallen.at\/wp-content\/uploads\/ca-1986-08-1024x694.jpeg' src='https:\/\/www.gallen.at\/wp-content\/uploads\/ca-1986-08-1024x694.jpeg' width='1024' height='694' \/><div class='caption-block'><div class='text-wrapper'><\/div><\/div><\/a><div class='ftg-social'><\/div><\/div><div  class='tile ftg-preload  '><a title=\"Ausstellung CA 1986\" data-lightbox='ftg-2222' rel='ftg-2222'  class=' tile-inner  ftg-lightbox' href='https:\/\/www.gallen.at\/wp-content\/uploads\/ca-1986-05-1024x692.jpeg' ><img alt='Ausstellung CA 1986' class='item skip-lazy' data-class='item' data-ftg-source='https:\/\/www.gallen.at\/wp-content\/uploads\/ca-1986-05-1024x692.jpeg' src='https:\/\/www.gallen.at\/wp-content\/uploads\/ca-1986-05-1024x692.jpeg' width='1024' height='692' \/><div class='caption-block'><div class='text-wrapper'><\/div><\/div><\/a><div class='ftg-social'><\/div><\/div><div  class='tile ftg-preload  '><a title=\"Ausstellung CA 1986\" data-lightbox='ftg-2222' rel='ftg-2222'  class=' tile-inner  ftg-lightbox' href='https:\/\/www.gallen.at\/wp-content\/uploads\/ca-1986-07-1024x694.jpeg' ><img alt='Ausstellung CA 1986' class='item skip-lazy' data-class='item' data-ftg-source='https:\/\/www.gallen.at\/wp-content\/uploads\/ca-1986-07-1024x694.jpeg' src='https:\/\/www.gallen.at\/wp-content\/uploads\/ca-1986-07-1024x694.jpeg' width='1024' height='694' \/><div class='caption-block'><div class='text-wrapper'><\/div><\/div><\/a><div class='ftg-social'><\/div><\/div><div  class='tile ftg-preload  '><a title=\"Ausstellung CA 1986\" data-lightbox='ftg-2222' rel='ftg-2222'  class=' tile-inner  ftg-lightbox' href='https:\/\/www.gallen.at\/wp-content\/uploads\/ca-1986-06-1024x692.jpeg' ><img alt='Ausstellung CA 1986' class='item skip-lazy' data-class='item' data-ftg-source='https:\/\/www.gallen.at\/wp-content\/uploads\/ca-1986-06-1024x692.jpeg' src='https:\/\/www.gallen.at\/wp-content\/uploads\/ca-1986-06-1024x692.jpeg' width='1024' height='692' \/><div class='caption-block'><div class='text-wrapper'><\/div><\/div><\/a><div class='ftg-social'><\/div><\/div><div  class='tile ftg-preload  '><a title=\"Ausstellung CA 1986\" data-lightbox='ftg-2222' rel='ftg-2222'  class=' tile-inner  ftg-lightbox' href='https:\/\/www.gallen.at\/wp-content\/uploads\/ca-1986-01-1-1024x786.jpeg' ><img alt='Ausstellung CA 1986' class='item skip-lazy' data-class='item' data-ftg-source='https:\/\/www.gallen.at\/wp-content\/uploads\/ca-1986-01-1-1024x786.jpeg' src='https:\/\/www.gallen.at\/wp-content\/uploads\/ca-1986-01-1-1024x786.jpeg' width='1024' height='786' \/><div class='caption-block'><div class='text-wrapper'><\/div><\/div><\/a><div class='ftg-social'><\/div><\/div><div  class='tile ftg-preload  '><a title=\"Ausstellung CA 1986\" data-lightbox='ftg-2222' rel='ftg-2222'  class=' tile-inner  ftg-lightbox' href='https:\/\/www.gallen.at\/wp-content\/uploads\/ca-1986-03-1024x705.jpeg' ><img alt='Ausstellung CA 1986' class='item skip-lazy' data-class='item' data-ftg-source='https:\/\/www.gallen.at\/wp-content\/uploads\/ca-1986-03-1024x705.jpeg' src='https:\/\/www.gallen.at\/wp-content\/uploads\/ca-1986-03-1024x705.jpeg' width='1024' height='705' \/><div class='caption-block'><div class='text-wrapper'><\/div><\/div><\/a><div class='ftg-social'><\/div><\/div><\/div><\/div><script type='text\/javascript'>jQuery('#ftg-2222 img.item').removeAttr('src');jQuery(document).ready(function () {setTimeout(function () {jQuery('#ftg-2222').finalTilesGallery({minTileWidth: 250,margin: 10,loadMethod: 'sequential',nonce: '674fe54d2c',galleryId: '22',setupFilters: true,layout: 'columns',debug: false,gridSize: 25,disableGridSizeBelow:800,allowEnlargement: true,columns: [[4000, 4],[1024, 4],[800, 3],[480, 3],[320, 2]],selectedFilter: 'n-a'});jQuery(function () {(function () {var rel = '';jQuery('#ftg-2222 .ftg-lightbox').click(function (e) {rel = jQuery(this).attr('rel');jQuery('#ftg-2222 .ftg-current').removeClass('ftg-current');jQuery('#ftg-2222 [rel=\"'+rel+'\"]').addClass('ftg-current');});})();});}, 0);});<\/script><\/div>\n","protected":false},"excerpt":{"rendered":"<p>Ausstellung in der CA-Filiale St.&nbsp;P\u00f6lten 20. November &#8211; 19. Dezember 1986 Nieder\u00f6sterreichische Nachrichten 24. November 1986 Ein Newcomer in der heimischen Kunstszene Peter Gallen in der CA-Galerie: Ein Landschafter von Rang ST. P\u00d6LTEN &#8211; Vernissagen z\u00e4hlen ohne Zweifel zu gesellschaftlichen Ereignissen von bemerkenswerten Rang- Die Aussstellungser\u00f6ffnung, die am vergangenen Freitag, 21., in der CA-Filiale St. [&hellip;]<\/p>\n","protected":false},"author":1,"featured_media":0,"parent":0,"menu_order":0,"comment_status":"closed","ping_status":"closed","template":"","meta":{"footnotes":""},"_links":{"self":[{"href":"https:\/\/www.gallen.at\/index.php\/wp-json\/wp\/v2\/pages\/677"}],"collection":[{"href":"https:\/\/www.gallen.at\/index.php\/wp-json\/wp\/v2\/pages"}],"about":[{"href":"https:\/\/www.gallen.at\/index.php\/wp-json\/wp\/v2\/types\/page"}],"author":[{"embeddable":true,"href":"https:\/\/www.gallen.at\/index.php\/wp-json\/wp\/v2\/users\/1"}],"replies":[{"embeddable":true,"href":"https:\/\/www.gallen.at\/index.php\/wp-json\/wp\/v2\/comments?post=677"}],"version-history":[{"count":12,"href":"https:\/\/www.gallen.at\/index.php\/wp-json\/wp\/v2\/pages\/677\/revisions"}],"predecessor-version":[{"id":818,"href":"https:\/\/www.gallen.at\/index.php\/wp-json\/wp\/v2\/pages\/677\/revisions\/818"}],"wp:attachment":[{"href":"https:\/\/www.gallen.at\/index.php\/wp-json\/wp\/v2\/media?parent=677"}],"curies":[{"name":"wp","href":"https:\/\/api.w.org\/{rel}","templated":true}]}}