{"id":814,"date":"2023-08-22T16:05:27","date_gmt":"2023-08-22T14:05:27","guid":{"rendered":"https:\/\/www.gallen.at\/?page_id=814"},"modified":"2023-08-22T16:24:55","modified_gmt":"2023-08-22T14:24:55","slug":"ausstellung-ca-2001","status":"publish","type":"page","link":"https:\/\/www.gallen.at\/index.php\/ausstellung-ca-2001\/","title":{"rendered":"Ausstellung CA-2001"},"content":{"rendered":"\n<h1 class=\"wp-block-heading\">Ausstellung in der CA-Filiale St.&nbsp;P\u00f6lten<\/h1>\n\n\n\n<p class=\"has-large-font-size\">19. Oktober &#8211; 16. November 2001<\/p>\n\n\n\n<div class=\"wp-block-columns is-layout-flex wp-container-3 wp-block-columns-is-layout-flex\">\n<div class=\"wp-block-column is-layout-flow wp-block-column-is-layout-flow\">\n<figure class=\"wp-block-image size-large\"><img decoding=\"async\" loading=\"lazy\" width=\"818\" height=\"1024\" src=\"https:\/\/www.gallen.at\/wp-content\/uploads\/ca-2001-818x1024.jpeg\" alt=\"\" class=\"wp-image-821\" srcset=\"https:\/\/www.gallen.at\/wp-content\/uploads\/ca-2001-818x1024.jpeg 818w, https:\/\/www.gallen.at\/wp-content\/uploads\/ca-2001-240x300.jpeg 240w, https:\/\/www.gallen.at\/wp-content\/uploads\/ca-2001-768x961.jpeg 768w, https:\/\/www.gallen.at\/wp-content\/uploads\/ca-2001-1227x1536.jpeg 1227w, https:\/\/www.gallen.at\/wp-content\/uploads\/ca-2001-1636x2048.jpeg 1636w, https:\/\/www.gallen.at\/wp-content\/uploads\/ca-2001.jpeg 1717w\" sizes=\"(max-width: 818px) 100vw, 818px\" \/><\/figure>\n<\/div>\n\n\n\n<div class=\"wp-block-column is-layout-flow wp-block-column-is-layout-flow\">\n<p><\/p>\n\n\n\n<p><\/p>\n\n\n\n<p><\/p>\n\n\n\n<p style=\"font-size:clamp(14.642px, 0.915rem + ((1vw - 3.2px) * 0.836), 22px);\">vom 19. Oktober bis 16. November 2001 in der CA Filiale St. P\u00f6lten, Kremsergasse 39<\/p>\n\n\n\n<p style=\"font-size:clamp(14.642px, 0.915rem + ((1vw - 3.2px) * 0.836), 22px);\">\u00d6ffnungszeiten: Mo. &#8211; Fr. von 8:00 &#8211; 12:30 und von 14:00 &#8211; 16:00<\/p>\n<\/div>\n<\/div>\n\n\n\n<div class=\"wp-block-columns is-layout-flex wp-container-6 wp-block-columns-is-layout-flex\">\n<div class=\"wp-block-column is-layout-flow wp-block-column-is-layout-flow\">\n<figure class=\"wp-block-image size-large\"><img decoding=\"async\" loading=\"lazy\" width=\"657\" height=\"1024\" src=\"https:\/\/www.gallen.at\/wp-content\/uploads\/ca-musik-2-657x1024.jpeg\" alt=\"\" class=\"wp-image-823\" srcset=\"https:\/\/www.gallen.at\/wp-content\/uploads\/ca-musik-2-657x1024.jpeg 657w, https:\/\/www.gallen.at\/wp-content\/uploads\/ca-musik-2-192x300.jpeg 192w, https:\/\/www.gallen.at\/wp-content\/uploads\/ca-musik-2-768x1198.jpeg 768w, https:\/\/www.gallen.at\/wp-content\/uploads\/ca-musik-2-985x1536.jpeg 985w, https:\/\/www.gallen.at\/wp-content\/uploads\/ca-musik-2-1313x2048.jpeg 1313w, https:\/\/www.gallen.at\/wp-content\/uploads\/ca-musik-2.jpeg 1419w\" sizes=\"(max-width: 657px) 100vw, 657px\" \/><\/figure>\n<\/div>\n\n\n\n<div class=\"wp-block-column is-layout-flow wp-block-column-is-layout-flow\">\n<figure class=\"wp-block-image size-large\"><img decoding=\"async\" loading=\"lazy\" width=\"657\" height=\"1024\" src=\"https:\/\/www.gallen.at\/wp-content\/uploads\/ca-musik-1-657x1024.jpeg\" alt=\"\" class=\"wp-image-822\" srcset=\"https:\/\/www.gallen.at\/wp-content\/uploads\/ca-musik-1-657x1024.jpeg 657w, https:\/\/www.gallen.at\/wp-content\/uploads\/ca-musik-1-192x300.jpeg 192w, https:\/\/www.gallen.at\/wp-content\/uploads\/ca-musik-1-768x1198.jpeg 768w, https:\/\/www.gallen.at\/wp-content\/uploads\/ca-musik-1-985x1536.jpeg 985w, https:\/\/www.gallen.at\/wp-content\/uploads\/ca-musik-1-1313x2048.jpeg 1313w, https:\/\/www.gallen.at\/wp-content\/uploads\/ca-musik-1.jpeg 1419w\" sizes=\"(max-width: 657px) 100vw, 657px\" \/><\/figure>\n<\/div>\n<\/div>\n","protected":false},"excerpt":{"rendered":"<p>Ausstellung in der CA-Filiale St.&nbsp;P\u00f6lten 19. Oktober &#8211; 16. November 2001 vom 19. Oktober bis 16. November 2001 in der CA Filiale St. P\u00f6lten, Kremsergasse 39 \u00d6ffnungszeiten: Mo. &#8211; Fr. von 8:00 &#8211; 12:30 und von 14:00 &#8211; 16:00<\/p>\n","protected":false},"author":1,"featured_media":0,"parent":0,"menu_order":0,"comment_status":"closed","ping_status":"closed","template":"","meta":{"footnotes":""},"_links":{"self":[{"href":"https:\/\/www.gallen.at\/index.php\/wp-json\/wp\/v2\/pages\/814"}],"collection":[{"href":"https:\/\/www.gallen.at\/index.php\/wp-json\/wp\/v2\/pages"}],"about":[{"href":"https:\/\/www.gallen.at\/index.php\/wp-json\/wp\/v2\/types\/page"}],"author":[{"embeddable":true,"href":"https:\/\/www.gallen.at\/index.php\/wp-json\/wp\/v2\/users\/1"}],"replies":[{"embeddable":true,"href":"https:\/\/www.gallen.at\/index.php\/wp-json\/wp\/v2\/comments?post=814"}],"version-history":[{"count":2,"href":"https:\/\/www.gallen.at\/index.php\/wp-json\/wp\/v2\/pages\/814\/revisions"}],"predecessor-version":[{"id":824,"href":"https:\/\/www.gallen.at\/index.php\/wp-json\/wp\/v2\/pages\/814\/revisions\/824"}],"wp:attachment":[{"href":"https:\/\/www.gallen.at\/index.php\/wp-json\/wp\/v2\/media?parent=814"}],"curies":[{"name":"wp","href":"https:\/\/api.w.org\/{rel}","templated":true}]}}